2*z. Let y be q(2). Let f = y + -51. What is the highest common divisor of 45 and f?
15
Suppose -4*g + 5*k + 7 = 0, -4*g + 2*k = -g - 7. What is the highest common factor of g and 6?
3
Suppose -10*d + 252 = 26*d. Suppose -u + 3 = -2. Suppose -3*p = 5*y - 69, -p = -5*p - u*y + 97. Calculate the greatest common divisor of p and d.
7
Let f(l) = -2*l + 2. Let q be f(5). Let v be (-4 - -1) + (-3 - q). Calculate the highest common factor of v and 2.
2
Suppose 2*k - 11 = 23. Let c be 1/(-1) + 1 - -51. What is the highest common factor of k and c?
17
Let v(w) = -12*w. Let q be v(-3). Let d = -203 + 9. Let m = 284 + d. What is the highest common factor of q and m?
18
Let g(f) = -5*f - 1. Let n be g(-2). Suppose -4*u = -4, -a - 4*u - 1 = -0*a. Let o = a + 6. What is the greatest common divisor of o and n?
1
Let u be ((-10)/10)/((-2)/(-4)). Let c = 5 - u. Calculate the greatest common divisor of 56 and c.
7
Suppose 5*a = -2*d + 54, 4*a + d - 63 = 6*d. Let q be (-762)/(-8) - (-96)/128. Calculate the greatest common factor of q and a.
12
Suppose l - 7 = 3*r, 3*r = -4*l - r + 76. Suppose s - l = -0. Let j(m) = -m + 16. Let z be j(0). What is the highest common divisor of s and z?
16
Suppose g - 15 = -g - 5*f, g = -f. Let v be g/((-3)/18 - 0). Calculate the greatest common divisor of v and 45.
15
Let x(c) = 4*c + 9. Let i be x(6). Calculate the greatest common factor of i and 165.
33
Let g(t) be the first derivative of t**3/3 + 3*t**2/2 - 2. Let j be g(-4). Let s be (j + -54)*1/(-1). Calculate the greatest common divisor of s and 10.
10
Let m = -28 - -36. Calculate the greatest common factor of m and 40.
8
Let q(w) = -w + 15. Let i be q(4). What is the highest common factor of i and 77?
11
Suppose 4 + 5 = h. Let j(r) = -r**3 + 11*r**2 + 7*r - 14. Let b be j(11). Calculate the highest common factor of h and b.
9
Suppose g = -6 - 2. Let j = g + 13. Let n be 50 + -9 + (0 - -4). Calculate the highest common factor of n and j.
5
Let o be (-2)/(-16)*10*4. Suppose 25 = -o*c, -3*c - 41 = -0*v - v. Calculate the greatest common factor of 13 and v.
13
Suppose 4*x = -0*x + 32. Suppose 0 = 3*r - 4*r + 4. Suppose r*s - 2*c = 218, s + 4*s + 5*c - 295 = 0. What is the highest common divisor of x and s?
8
Let m be (-36)/14*182/(-39). What is the highest common factor of 20 and m?
4
Let a(j) = 47*j**2 + j + 2. Let w be a(-1). Let l be 50/6 - 3/9. Let c = 14 - l. What is the highest common factor of c and w?
6
Let v be 1/(7/3 - 2). Suppose f + 3*f - h = 177, v*h = 3*f - 126. What is the greatest common divisor of 9 and f?
9
Suppose 13 = 3*x - 2*w - 77, 4*x = w + 120. Calculate the greatest common factor of 60 and x.
30
Let l be 1 + (-4 - (-1 + -178)). What is the greatest common factor of 22 and l?
22
Let i = -15 + 35. What is the greatest common factor of i and 4?
4
Let l(v) = -v**3 - v + 8. Let f be l(0). Suppose 0 = 3*k - 58 - f. Calculate the greatest common divisor of 11 and k.
11
Let s be (0*2/(-4))/1. Suppose 3*d = -s*d + 108. Let u = 31 - 27. Calculate the greatest common divisor of u and d.
4
Suppose 0 = -5*g + 37 + 263. What is the highest common factor of 210 and g?
30
Let m = -22 + 61. Suppose x = 4 + 9. What is the highest common divisor of m and x?
13
Suppose 68 = 5*j - s, -j - 5*s = 3*j - 37. Suppose 0 = 5*n - 3*x - 579, n - 2*n + 109 = -4*x. What is the highest common factor of n and j?
13
Let b be (4/(-6))/((5/(-15))/1). Let m be (-2)/4*-4*1. What is the greatest common factor of m and b?
2
Let j = 1 + 4. Suppose j*c - 2*a = 80, -9 = -c - 3*a + 7. Suppose -5*g - 5*x + 50 = 0, -5*x = -4*g + c + 24. Calculate the highest common factor of g and 2.
2
Suppose 2*l - l - 54 = 0. Suppose u + 0*u - l = -5*k, 0 = 2*u + 3*k - 101. What is the greatest common factor of u and 7?
7
Let o(z) = 2*z**2 - 5*z - 1. Suppose -19*s - 16 = -23*s. Let f be o(s). What is the greatest common divisor of 44 and f?
11
Let w be (6/4)/((-2)/(-4)). Suppose w*j + j - 44 = 0. Let n be (-1)/(-1*(-2)/(-110)). What is the greatest common factor of j and n?
11
Suppose -2*z = 2 - 6. Suppose 5*h + z*g - 181 + 60 = 0, -135 = -5*h + 5*g. Suppose 12*c + 15 = 15*c. Calculate the greatest common divisor of h and c.
5
Let s(y) = y + 21. Let j be s(-7). Suppose -k = -5*g - 447, 5*k = 3*k - 6. Let d = 132 + g. What is the highest common divisor of d and j?
14
Let n be ((-24)/15)/((-28)/(-10) - 3). Calculate the highest common factor of 20 and n.
4
Let i = -49 + 268. Suppose 2*h + 5*x = 309, -x - i = -4*h + 366. Let s = h - 77. What is the greatest common factor of 28 and s?
14
Suppose 5*z + 5*f - 95 = 0, 0*f = 3*z - 4*f - 92. Let r(c) = c**2 - 3*c. Let w be r(4). What is the greatest common divisor of w and z?
4
Let b be (-1)/(2/(-14)) - -2. What is the highest common factor of b and 18?
9
Let b be 7/(-28) + (-281)/(-4). Calculate the highest common factor of b and 14.
14
Let k = 5 + 3. Let f be -2*12*((-40)/(-12))/(-10). Calculate the greatest common factor of f and k.
8
Let q = 46 + -40. What is the highest common factor of q and 48?
6
Suppose 3*y + 3 - 30 = 0. Suppose 5*q - 86 - 4 = 0. What is the greatest common factor of y and q?
9
Suppose b - 227 = -86. Calculate the highest common factor of 94 and b.
47
Let a(s) = s**3 + 12*s**2 + 9*s + 50. Let j be a(-11). Suppose n = 5*n - 96. Calculate the greatest common factor of j and n.
24
Let n be -21*(8/(-14) - (-6)/(-21)). Calculate the highest common factor of 162 and n.
18
Let x(p) = -p**2 - 8*p + 7. Let r be x(-5). What is the greatest common factor of 2 and r?
2
Let a = 120 - 59. Let w = a - 43. Let y = w + -13. Calculate the greatest common factor of y and 5.
5
Suppose -5*f - 20 = 0, -5*n + 202 + 85 = -3*f. Let h = -15 - -8. Let c = h + n. What is the highest common divisor of c and 6?
6
Let b(o) = 6 + 5*o + 5*o - 7*o + 4*o. Let z be b(6). Let q = 90 - z. Calculate the highest common divisor of q and 6.
6
Suppose -6*d + 0*d = -90. Let j = d + 1. What is the highest common divisor of j and 176?
16
Let n = -77 - -74. Let f(q) = 4 - 2*q + 0*q + 0. Let z be f(n). What is the greatest common divisor of z and 50?
10
Let a(b) = -3*b**2 - b + 10. Let r(l) = 8*l**2 + 4*l - 29. Let x(w) = -17*a(w) - 6*r(w). Let o be x(4). Calculate the greatest common divisor of 60 and o.
12
Let z(i) = -8*i - 1. Let t be z(-1). What is the highest common divisor of 28 and t?
7
Suppose 14*u = -0*u + 252. Suppose -6*c - 5 = -c. Let j be (-35 + c)*(-3)/2. Calculate the greatest common divisor of j and u.
18
Let c be (-1)/3*(-66 - 0). Calculate the greatest common divisor of c and 55.
11
Let i = -3 - 10. Let t = i - -17. Calculate the highest common divisor of t and 20.
4
Suppose -4*d = -19 - 9. What is the greatest common factor of 21 and d?
7
Suppose -6*g + 3*g + 5*a - 13 = 0, -30 = -5*g - 2*a. Let b(p) = p**3 - 5*p**2 + 5. Let j be b(5). Let v = j - g. What is the greatest common divisor of 8 and v?
1
Let n(f) = 2*f**2 + f. Let d be n(1). Suppose -w - 2*j + 123 = d, 0 = 4*w - 2*j - 450. Calculate the highest common factor of w and 19.
19
Suppose 5*g + 6*z = 5*z + 240, -4*g + 192 = z. Let m = 3 - 1. Let d be -12*1*(1 - m). Calculate the greatest common factor of d and g.
12
Suppose 5*f + 125 = 5*t, -4*t - f + 97 = -4*f. What is the highest common divisor of 33 and t?
11
Let l(h) = -6*h - 34. Let z be l(-6). Calculate the highest common divisor of 2 and z.
2
Suppose 2*d + 5*h - 97 = 0, -98 = -d - 2*d + 2*h. Calculate the greatest common divisor of d and 18.
18
Let n(d) = d**3 - 5*d**2 - 18*d. Let t be n(8). Calculate the greatest common divisor of 12 and t.
12
Suppose 0 = x + x - 64. Suppose 4*k - 160 = 2*k. What is the highest common divisor of k and x?
16
Suppose 3*f - 3*q + 2*q - 81 = 0, -f + 14 = 4*q. Suppose -4*m + 22 = 3*s, -6 = 4*s + 3*m - f. Calculate the greatest common factor of s and 22.
2
Let x be 178/9 + (-26)/(-117). Calculate the highest common factor of x and 60.
20
Suppose 3*u + 27 = 3*p, p = -4*p + 4*u + 46. What is the highest common factor of p and 110?
10
Let a = 1 - -1. Suppose -5*t = -4*o + 81, -a*o = -2*t - 30 - 8. Calculate the greatest common factor of o and 2.
2
Let k(q) = -2*q - 3. Let z(o) = -o**2 + 2*o - 2. Let n be z(3). Let f be k(n). Calculate the highest common factor of f and 49.
7
Suppose n - 3 = -0*n, 5*k - 4*n = -12. Suppose k = 5*i - 6 +